(r) = 29*r**2 + 4*r - 8. Suppose 4*k + 3*d + 5 = 30, k + 5*d = 19. Let c be o(k). Let l = 747 - c. What is the units digit of l?
5
Suppose -u - 8*k = -6*k - 288, 4*k + 288 = u. Suppose 0*p = 12*p - u. What is the units digit of 11 + -2 + p/12?
1
What is the tens digit of ((-1723)/(-5))/(4/(-300)*-5)?
6
Let p = 13832 - 1889. What is the units digit of p?
3
Suppose -28*h = 47 + 65. What is the tens digit of h*9/9 - 335*-1?
3
Suppose -2*h - 3*a + 0*a = -1, -5*h - 5*a = -5. Suppose 3*f + 0*f + 216 = -2*c, h*f - 101 = c. What is the tens digit of (2/11 - c/(-33)) + 83?
8
Suppose i + 17 - 14 = 0. What is the tens digit of 7695/10 + (i - (-9)/2)?
7
Let l(j) = -144*j - 452. Let p(k) = -13*k - 41. Let n(z) = 3*l(z) - 32*p(z). What is the units digit of n(-8)?
4
Suppose -3696 = -3*m - 3*k, -8*m + 2*k - 3700 = -11*m. Suppose -4*w + 1098 = 2*v, 4*w - m = -4*v + 976. What is the tens digit of v?
5
Let s be 7 - (14/4 + (-16)/(-32)). Let f = 1 - 1. Suppose s*v + 113 - 311 = f. What is the tens digit of v?
6
Suppose 14*u - 11*u - 28085 = 4*v, -2*u = -2*v - 18722. What is the units digit of u?
9
Suppose 3*k = -30 - 9. Let b = 43 + k. Suppose 5*c - b - 390 = 0. What is the tens digit of c?
8
Let z(p) = 5*p - 691. Let t be z(0). Let o = 1117 + t. What is the tens digit of o?
2
Let z = -7582 - -16290. What is the hundreds digit of z?
7
Suppose -d - d = 3*r, -2*d = 2*r. Let w be d/4 + 0/4. Suppose -2*p + 51 + 67 = w. What is the tens digit of p?
5
Suppose 5*h = -3*d - 11, h - 4*d - 11 = -4. What is the units digit of (-9)/(1/h*2/134)?
3
What is the tens digit of (6/9)/((5/(-4635))/(-1)) + -6?
1
Suppose 8080 = 36*l - 28*l. Suppose -7*i + 6*i + 2*z + l = 0, 0 = -2*i + 3*z + 2017. What is the units digit of i?
4
Let k(q) = 33*q + 155. Let b be k(-4). Let f(a) = 27*a - 40. What is the tens digit of f(b)?
8
Let d = -944 - -946. Let j(c) = -c - 1. Let h be j(-4). Suppose 4 = 2*z + f, 5*z - h = -d*f + 9. What is the units digit of z?
4
Let c = -5386 - -7582. What is the units digit of c?
6
Let b(t) = 104*t**2 + 134*t - 504. What is the thousands digit of b(14)?
1
Let m(v) = -80*v - 10. Let j(l) = l + 9. Let g(c) = j(c) + m(c). Let f be (-2)/(-6) + 8/(-6). What is the tens digit of g(f)?
7
Suppose -4*j + 5 = j - s, -4*j + 13 = s. What is the units digit of 23694/55 + j/10?
1
Suppose -2*a = 3*a. Suppose -2*r + c + 333 = a, 2*r + 2*r + 5*c = 645. Suppose 5*w - 70 = r. What is the units digit of w?
7
Let a = 339 - -58. Let f = a - 253. What is the hundreds digit of f?
1
Let n(m) = 8*m - 3. Let q be n(1). Suppose -q*z - 2*z - 7 = 0. What is the tens digit of 86/6*(z + 4)?
4
Let v(p) = -p**3 - 2*p**2 + 3*p. Let q(x) = -x**3 - 2*x**2 + 2*x. Suppose 4*i + 10*i + 56 = 0. Let w(d) = i*q(d) + 5*v(d). What is the units digit of w(-4)?
4
Let j be 0*3/(-6) + 2188. Suppose 3*n + 15 = 0, -3*h + 7152 = 2*n + j. What is the units digit of h?
8
Let g(z) be the first derivative of z**2/2 - z - 5. Let b(x) = -28*x + 5. Let m(r) = -b(r) - 6*g(r). What is the units digit of m(1)?
3
Suppose -214*w + 41*w - 2095225 = -8547606. What is the thousands digit of w?
7
Suppose c = -2*o - c + 420, 0 = 3*o - 2*c - 630. Let d(m) = -m**2 + 22*m + 533. Let f be d(34). Let g = o - f. What is the tens digit of g?
8
Let h(d) = d**2 - 30*d - 30. Let s be h(31). What is the hundreds digit of 10/(-2) + (567 - s)?
5
Let w = -14269 - -21629. What is the units digit of w?
0
Let h(g) = -5*g - 222. Let u be h(-45). Suppose -u*j + 1860 = j + 4*b, 2*j - 935 = -b. What is the hundreds digit of j?
4
Suppose n + 60 = 2*o - 19, 2*o = -4*n + 84. Let p = 13 - o. Let w = 31 + p. What is the units digit of w?
4
Let t(v) = -v**3 - 3*v**2 + 2*v. Let j be t(-4). Suppose -j*c + 10*c = 0. Let s(f) = f + 32. What is the units digit of s(c)?
2
Let y = 24 - 28. Let p be -1 - -5 - (-1058 + y). What is the hundreds digit of 2/5 - p*(-2)/20?
1
Let d = -102 - -351. Let g = d - 82. Suppose g = 7*y + 13. What is the units digit of y?
2
Suppose 71*g + 23*g = 54719 + 330023. What is the units digit of g?
3
Let d = -868 - -8698. Suppose 17*q + 10*q = d. What is the tens digit of q?
9
Let p(n) = 4. Let m(g) = 22*g + 16. Let r(w) = m(w) + 4*p(w). Let b(j) = 2*j - 2. Let l be b(4). What is the tens digit of r(l)?
6
Let k(x) be the third derivative of 17*x**5/30 - 5*x**4/24 - 29*x**3/6 + 8*x**2 - 19*x. What is the tens digit of k(-7)?
7
Let n(r) = -21 + 2*r - 64*r**2 + 57*r**2 + 2*r - r**3. Let y be n(-9). What is the units digit of 3/(-15)*4*y/(-6)?
4
Suppose -79*a + 308673 = -15*a - 232191. What is the tens digit of a?
5
Let q = 6203 + -3711. What is the tens digit of q?
9
Let r(b) = 295*b**2 - 10*b + 8. What is the thousands digit of r(4)?
4
Let s(t) = -202*t**2 - 3*t + 12721. What is the tens digit of s(0)?
2
Let g = -13081 - -26227. What is the units digit of g?
6
Let t be ((-2)/(-6))/((-10)/(-780)). Let w = t - -27. Suppose -u - 238 = -3*i, 4*u = 2*i - w - 89. What is the units digit of i?
1
Let t = 4 - 8. Let u be 0 - (-8 - t - -2). Suppose -3*o - 2*y - 39 = -197, 4*o - 214 = -u*y. What is the tens digit of o?
5
Suppose 7*n - 2 = 2*b + 2*n, -16 = 2*b + 2*n. What is the units digit of (2/b)/((-1 + 2)/(-618))?
6
Suppose -82 = 8*s - 34. Let v be (10/s)/((-6)/18). Suppose -3*y + 52 = -v. What is the tens digit of y?
1
Let h = -6069 + 19880. What is the thousands digit of h?
3
Let c = 41 - 56. Let n(a) = -34*a - 29. Let w be n(c). Suppose 4*f - 6*f = -3*i - 205, 5*f + 3*i = w. What is the tens digit of f?
9
Suppose -12*d + 45637 = -44783. What is the tens digit of d?
3
Let v be 5 + 5 + (0 - 8). Suppose -v*f - 859 = -5*g - 0*f, -3*g = -f - 515. Let l = g - 52. What is the hundreds digit of l?
1
Suppose 4338 = 8*a + 1514. Suppose 3*f - 526 - a = 0. What is the units digit of f?
3
What is the thousands digit of (-5 - 14894)*3*(-9)/((-81)/(-6))?
9
What is the units digit of 7148/32*6*(-56)/(-21)?
4
Let g(l) = l**2 - 13*l + 18. Let u be g(12). Suppose -u*t + 23114 = 7*t. What is the hundreds digit of t?
7
Let s(c) = 4*c**3 + 2*c**2 - c - 4. Let f = -51 + 45. Let r be 5/(15/f) + (-10)/(-2). What is the tens digit of s(r)?
1
Let w be 11/2*40/55. Suppose 2*r - 3*r = -w*d + 8085, 2*r = -4*d + 8082. What is the units digit of d?
1
What is the tens digit of (-29034 - (4 + -8))/((-130)/52)?
1
Suppose 0 = -2622*w + 2574*w + 764880. What is the thousands digit of w?
5
Suppose 81*m - 129402 = 82089. What is the units digit of m?
1
Let i(t) = -569*t - 413. What is the tens digit of i(-23)?
7
Let x = 127 - 94. What is the units digit of (34 - x)*(39 + -1)?
8
Suppose -j - 3 = -2*w - 13, -10 = j + 3*w. Suppose 5*g - 5*z - 3235 = 0, -j*z = -7*z. What is the hundreds digit of g?
6
Let p = -10134 + 17464. What is the hundreds digit of (-2)/(-19) - p/(-38)?
1
Let m = 917 - 411. Suppose 181 = 3*t - m. What is the tens digit of t?
2
Suppose t = 2*w + 6609, t - 6588 = -14*w + 9*w. What is the tens digit of t?
0
Let a(g) be the third derivative of 17*g**4/6 - 199*g**3/6 - 2*g**2 + 54*g. What is the units digit of a(20)?
1
Let g(x) = -x**3 + x**2 - 3*x - 5. Let b be g(-5). Let l = -693 + 698. Suppose 227 = 2*m - l*j, -4*m + b = 4*j - 224. What is the units digit of m?
1
Suppose -4*l = -3*l + 6. Let s(a) = -a - 8. Let w be s(l). Let o(z) = -4*z**3 + 3*z**2 + 2*z - 1. What is the units digit of o(w)?
9
Let l = 8326 - -5115. What is the units digit of l?
1
Let h be 14/4*(27 - 25). Suppose -10*a + 339 = 3*f - h*a, 5*a + 323 = 3*f. What is the units digit of f?
1
Suppose -5*l + 131479 = 4*w, 15*l - 11*l + 131488 = 4*w. What is the ten thousands digit of w?
3
Let j(g) = g**3 - 15*g**2 - 2*g + 32. Suppose 4*t - t + 5*m = 60, -5*t + 2*m = -69. Let f be j(t). Suppose 632 = -f*c + 6*c. What is the units digit of c?
8
Suppose 2*g + 10 = -3*g, -3*a + 5*g = -40. Let z(n) = -4*n - a*n + 3*n - 27. What is the units digit of z(-9)?
2
Let x be (0 + 24/(-2))/(-3). Suppose -6020 = -4*n - x*s, 7335 + 145 = 5*n - 4*s. What is the thousands digit of n?
1
Let n = -91 + 88. What is the tens digit of (n/(-6))/(9/774)?
4
Suppose -6*b = -9*b, -2*m - 122 = -4*b. Let g = m + 159. What is the units digit of g?
8
Let m(r) = 12*r + 137. Let v(o) = -o**2 - 4*o + 12. Let w be v(-3). What is the hundreds digit of m(w)?
3
Let y(c) = -2*c**3 - 14*c**2 + 13*c - 19. Let o be y(-8). Suppose -4*b - 2*l = -205